{"id":39,"date":"2024-06-01T08:50:58","date_gmt":"2024-06-01T08:50:58","guid":{"rendered":"https:\/\/km42.germanenriquez.es\/?page_id=39"},"modified":"2024-06-02T18:32:34","modified_gmt":"2024-06-02T18:32:34","slug":"inicio","status":"publish","type":"page","link":"https:\/\/km42.germanenriquez.es\/","title":{"rendered":"inicio"},"content":{"rendered":"\t\t<div data-elementor-type=\"wp-page\" data-elementor-id=\"39\" class=\"elementor elementor-39\" data-elementor-post-type=\"page\">\n\t\t\t\t<div class=\"elementor-element elementor-element-e51d871 e-con-full e-flex e-con e-parent\" data-id=\"e51d871\" data-element_type=\"container\">\n\t\t\t\t<div class=\"elementor-element elementor-element-b098ee7 elementor-widget elementor-widget-text-editor\" data-id=\"b098ee7\" data-element_type=\"widget\" data-widget_type=\"text-editor.default\">\n\t\t\t\t<div class=\"elementor-widget-container\">\n\t\t\t<style>\/*! elementor - v3.21.0 - 26-05-2024 *\/\n.elementor-widget-text-editor.elementor-drop-cap-view-stacked .elementor-drop-cap{background-color:#69727d;color:#fff}.elementor-widget-text-editor.elementor-drop-cap-view-framed .elementor-drop-cap{color:#69727d;border:3px solid;background-color:transparent}.elementor-widget-text-editor:not(.elementor-drop-cap-view-default) .elementor-drop-cap{margin-top:8px}.elementor-widget-text-editor:not(.elementor-drop-cap-view-default) .elementor-drop-cap-letter{width:1em;height:1em}.elementor-widget-text-editor .elementor-drop-cap{float:left;text-align:center;line-height:1;font-size:50px}.elementor-widget-text-editor .elementor-drop-cap-letter{display:inline-block}<\/style>\t\t\t\t<div class=\"site-header-main-section-left site-header-section site-header-section-left\"><div class=\"site-header-item site-header-focus-item\" data-section=\"title_tagline\"><div class=\"site-branding branding-layout-standard\" title=\"May\u00fasculas + clic para editar este elemento.\"><div class=\"site-title-wrap\"><p title=\"May\u00fasculas + clic para editar este elemento.\">\u00a0<\/p><p title=\"May\u00fasculas + clic para editar este elemento.\">\u00a0<\/p><p title=\"May\u00fasculas + clic para editar este elemento.\"><span style=\"font-weight: 400;\">Debido a la nostalgia por la falta de mi padre, cuando yo ten\u00eda 14 a\u00f1os,\u00a0 en un accidente de tr\u00e1fico, <\/span><span style=\"background-color: transparent;\">me interesa investigar qui\u00e9n fu\u00e9.<\/span><\/p><p title=\"May\u00fasculas + clic para editar este elemento.\"><span style=\"font-weight: 400;\">En la l\u00ednea de Barthes en <\/span><i style=\"font-family: var(--global-body-font-family);\"><span>La c\u00e1mara l\u00facida<\/span><\/i><span style=\"font-weight: 400;\">, (p.103\/104) hay fotos que me separan por la Historia, pero me atraen por ese nosequ\u00e9, el punctum, otras me intrigan por querer saber m\u00e1s de lo que pasaba m\u00e1s all\u00e1 del cuadro (frame) y otras me cautivan por ambos motivos.<\/span><\/p><\/div><\/div><\/div><\/div><p><span style=\"font-weight: 400;\">Tambi\u00e9n, los v\u00eddeos familiares, cintas Mini DV y Super 8mm. En ellos encuentro a mi padre pero no lo suficiente. Ojal\u00e1 poder meterse dentro y convivir.<\/span><\/p><p><span style=\"font-weight: 400;\">Me preocupa la impotencia que da no poder haber vivido muchas de las experiencias perdidas. Que \u00e9l pudiera contarme porque esa foto, lo que hay de historia. Me preocupaba antes y m\u00e1s a\u00fan que he sido padre. <\/span><\/p><p>La construcci\u00f3n de la identidad a trav\u00e9s de la creaci\u00f3n del relato en base a la memoria y los recuerdos gr\u00e1ficos.<\/p>\t\t\t\t\t\t<\/div>\n\t\t\t\t<\/div>\n\t\t\t\t<\/div>\n\t\t<div class=\"elementor-element elementor-element-7040b66 e-flex e-con-boxed e-con e-parent\" data-id=\"7040b66\" data-element_type=\"container\">\n\t\t\t\t\t<div class=\"e-con-inner\">\n\t\t\t\t<div class=\"elementor-element elementor-element-23ed310 elementor-widget elementor-widget-image\" data-id=\"23ed310\" data-element_type=\"widget\" data-widget_type=\"image.default\">\n\t\t\t\t<div class=\"elementor-widget-container\">\n\t\t\t<style>\/*! elementor - v3.21.0 - 26-05-2024 *\/\n.elementor-widget-image{text-align:center}.elementor-widget-image a{display:inline-block}.elementor-widget-image a img[src$=\".svg\"]{width:48px}.elementor-widget-image img{vertical-align:middle;display:inline-block}<\/style>\t\t\t\t\t\t\t\t\t\t<img fetchpriority=\"high\" decoding=\"async\" width=\"768\" height=\"1086\" src=\"https:\/\/km42.germanenriquez.es\/wp-content\/uploads\/2024\/06\/DSC6950-768x1086.jpg\" class=\"attachment-medium_large size-medium_large wp-image-62\" alt=\"\" srcset=\"https:\/\/km42.germanenriquez.es\/wp-content\/uploads\/2024\/06\/DSC6950-768x1086.jpg 768w, https:\/\/km42.germanenriquez.es\/wp-content\/uploads\/2024\/06\/DSC6950-212x300.jpg 212w, https:\/\/km42.germanenriquez.es\/wp-content\/uploads\/2024\/06\/DSC6950-724x1024.jpg 724w, https:\/\/km42.germanenriquez.es\/wp-content\/uploads\/2024\/06\/DSC6950-1086x1536.jpg 1086w, https:\/\/km42.germanenriquez.es\/wp-content\/uploads\/2024\/06\/DSC6950-1448x2048.jpg 1448w, https:\/\/km42.germanenriquez.es\/wp-content\/uploads\/2024\/06\/DSC6950-scaled.jpg 1810w\" sizes=\"(max-width: 768px) 100vw, 768px\" \/>\t\t\t\t\t\t\t\t\t\t\t\t\t<\/div>\n\t\t\t\t<\/div>\n\t\t\t\t\t<\/div>\n\t\t\t\t<\/div>\n\t\t<div class=\"elementor-element elementor-element-363f297 e-grid e-con-boxed e-con e-parent\" data-id=\"363f297\" data-element_type=\"container\">\n\t\t\t\t\t<div class=\"e-con-inner\">\n\t\t\t\t<div class=\"elementor-element elementor-element-c1bb4f4 elementor-widget elementor-widget-image\" data-id=\"c1bb4f4\" data-element_type=\"widget\" data-widget_type=\"image.default\">\n\t\t\t\t<div class=\"elementor-widget-container\">\n\t\t\t\t\t\t\t\t\t\t\t\t\t<img decoding=\"async\" width=\"724\" height=\"1024\" src=\"https:\/\/km42.germanenriquez.es\/wp-content\/uploads\/2024\/05\/DSC6963-724x1024.jpg\" class=\"attachment-large size-large wp-image-25\" alt=\"\" srcset=\"https:\/\/km42.germanenriquez.es\/wp-content\/uploads\/2024\/05\/DSC6963-724x1024.jpg 724w, https:\/\/km42.germanenriquez.es\/wp-content\/uploads\/2024\/05\/DSC6963-212x300.jpg 212w, https:\/\/km42.germanenriquez.es\/wp-content\/uploads\/2024\/05\/DSC6963-768x1086.jpg 768w, https:\/\/km42.germanenriquez.es\/wp-content\/uploads\/2024\/05\/DSC6963-1086x1536.jpg 1086w, https:\/\/km42.germanenriquez.es\/wp-content\/uploads\/2024\/05\/DSC6963-1448x2048.jpg 1448w, https:\/\/km42.germanenriquez.es\/wp-content\/uploads\/2024\/05\/DSC6963-scaled.jpg 1810w\" sizes=\"(max-width: 724px) 100vw, 724px\" \/>\t\t\t\t\t\t\t\t\t\t\t\t\t<\/div>\n\t\t\t\t<\/div>\n\t\t\t\t<div class=\"elementor-element elementor-element-8b7414f elementor-widget elementor-widget-image\" data-id=\"8b7414f\" data-element_type=\"widget\" data-widget_type=\"image.default\">\n\t\t\t\t<div class=\"elementor-widget-container\">\n\t\t\t\t\t\t\t\t\t\t\t\t\t<img decoding=\"async\" width=\"724\" height=\"1024\" src=\"https:\/\/km42.germanenriquez.es\/wp-content\/uploads\/2024\/05\/DSC6957-724x1024.jpg\" class=\"attachment-large size-large wp-image-24\" alt=\"\" srcset=\"https:\/\/km42.germanenriquez.es\/wp-content\/uploads\/2024\/05\/DSC6957-724x1024.jpg 724w, https:\/\/km42.germanenriquez.es\/wp-content\/uploads\/2024\/05\/DSC6957-212x300.jpg 212w, https:\/\/km42.germanenriquez.es\/wp-content\/uploads\/2024\/05\/DSC6957-768x1086.jpg 768w, https:\/\/km42.germanenriquez.es\/wp-content\/uploads\/2024\/05\/DSC6957-1086x1536.jpg 1086w, https:\/\/km42.germanenriquez.es\/wp-content\/uploads\/2024\/05\/DSC6957-1448x2048.jpg 1448w, https:\/\/km42.germanenriquez.es\/wp-content\/uploads\/2024\/05\/DSC6957-scaled.jpg 1810w\" sizes=\"(max-width: 724px) 100vw, 724px\" \/>\t\t\t\t\t\t\t\t\t\t\t\t\t<\/div>\n\t\t\t\t<\/div>\n\t\t\t\t\t<\/div>\n\t\t\t\t<\/div>\n\t\t<div class=\"elementor-element elementor-element-bed0ade e-con-full e-flex e-con e-parent\" data-id=\"bed0ade\" data-element_type=\"container\">\n\t\t\t\t<div class=\"elementor-element elementor-element-039532f elementor-widget elementor-widget-text-editor\" data-id=\"039532f\" data-element_type=\"widget\" data-widget_type=\"text-editor.default\">\n\t\t\t\t<div class=\"elementor-widget-container\">\n\t\t\t\t\t\t\t<p>\u00bfQui\u00e9n soy yo? \u00bfQui\u00e9n fue mi padre? \u00bfQui\u00e9n fue t\u00fa abuelo? \u00bfC\u00f3mo construimos el<br \/>relato de vida en base a la memoria y los recuerdos?<\/p><p>Es la forma en que me veo, como me defino a mi mismo. Mi identidad y a la vez, mi<br \/>realidad. Como estar a la altura de ser padre, sin tener padre. La b\u00fasqueda del<br \/>autoconocimiento, donde lo realmente jugoso suele estar bajo la superficie.<\/p><p>Averiguar qui\u00e9n fue mi padre, quien fue tu abuelo es quiz\u00e1s la clave para averiguar<br \/>mi prop\u00f3sito en esta etapa de la vida, la etapa de ser padre. Descubrir estas cosas<br \/>sobre m\u00ed y sobre \u00e9l, me ayudar\u00e1n a comprender la complejidad de mi identidad.<\/p><p>M\u00e1s all\u00e1 de lo banal, est\u00e1 lo que nos hace crecer de verdad.<\/p>\t\t\t\t\t\t<\/div>\n\t\t\t\t<\/div>\n\t\t\t\t<\/div>\n\t\t<div class=\"elementor-element elementor-element-579f460 e-flex e-con-boxed e-con e-parent\" data-id=\"579f460\" data-element_type=\"container\">\n\t\t\t\t\t<div class=\"e-con-inner\">\n\t\t\t\t<div class=\"elementor-element elementor-element-91af012 elementor-widget elementor-widget-image\" data-id=\"91af012\" data-element_type=\"widget\" data-widget_type=\"image.default\">\n\t\t\t\t<div class=\"elementor-widget-container\">\n\t\t\t\t\t\t\t\t\t\t\t\t\t<img loading=\"lazy\" decoding=\"async\" width=\"768\" height=\"543\" src=\"https:\/\/km42.germanenriquez.es\/wp-content\/uploads\/2024\/05\/DSC6954-768x543.jpg\" class=\"attachment-medium_large size-medium_large wp-image-23\" alt=\"\" srcset=\"https:\/\/km42.germanenriquez.es\/wp-content\/uploads\/2024\/05\/DSC6954-768x543.jpg 768w, https:\/\/km42.germanenriquez.es\/wp-content\/uploads\/2024\/05\/DSC6954-300x212.jpg 300w, https:\/\/km42.germanenriquez.es\/wp-content\/uploads\/2024\/05\/DSC6954-1024x724.jpg 1024w, https:\/\/km42.germanenriquez.es\/wp-content\/uploads\/2024\/05\/DSC6954-1536x1086.jpg 1536w, https:\/\/km42.germanenriquez.es\/wp-content\/uploads\/2024\/05\/DSC6954-2048x1448.jpg 2048w\" sizes=\"(max-width: 768px) 100vw, 768px\" \/>\t\t\t\t\t\t\t\t\t\t\t\t\t<\/div>\n\t\t\t\t<\/div>\n\t\t\t\t\t<\/div>\n\t\t\t\t<\/div>\n\t\t<div class=\"elementor-element elementor-element-c92e1b1 e-grid e-con-boxed e-con e-parent\" data-id=\"c92e1b1\" data-element_type=\"container\">\n\t\t\t\t\t<div class=\"e-con-inner\">\n\t\t\t\t<div class=\"elementor-element elementor-element-41296a2 elementor-widget elementor-widget-image\" data-id=\"41296a2\" data-element_type=\"widget\" data-widget_type=\"image.default\">\n\t\t\t\t<div class=\"elementor-widget-container\">\n\t\t\t\t\t\t\t\t\t\t\t\t\t<img loading=\"lazy\" decoding=\"async\" width=\"1024\" height=\"724\" src=\"https:\/\/km42.germanenriquez.es\/wp-content\/uploads\/2024\/05\/DSC6980-1024x724.jpg\" class=\"attachment-large size-large wp-image-27\" alt=\"\" srcset=\"https:\/\/km42.germanenriquez.es\/wp-content\/uploads\/2024\/05\/DSC6980-1024x724.jpg 1024w, https:\/\/km42.germanenriquez.es\/wp-content\/uploads\/2024\/05\/DSC6980-300x212.jpg 300w, https:\/\/km42.germanenriquez.es\/wp-content\/uploads\/2024\/05\/DSC6980-768x543.jpg 768w, https:\/\/km42.germanenriquez.es\/wp-content\/uploads\/2024\/05\/DSC6980-1536x1086.jpg 1536w, https:\/\/km42.germanenriquez.es\/wp-content\/uploads\/2024\/05\/DSC6980-2048x1448.jpg 2048w\" sizes=\"(max-width: 1024px) 100vw, 1024px\" \/>\t\t\t\t\t\t\t\t\t\t\t\t\t<\/div>\n\t\t\t\t<\/div>\n\t\t\t\t<div class=\"elementor-element elementor-element-bfae246 elementor-widget elementor-widget-image\" data-id=\"bfae246\" data-element_type=\"widget\" data-widget_type=\"image.default\">\n\t\t\t\t<div class=\"elementor-widget-container\">\n\t\t\t\t\t\t\t\t\t\t\t\t\t<img loading=\"lazy\" decoding=\"async\" width=\"1024\" height=\"724\" src=\"https:\/\/km42.germanenriquez.es\/wp-content\/uploads\/2024\/05\/DSC6979-1024x724.jpg\" class=\"attachment-large size-large wp-image-26\" alt=\"\" srcset=\"https:\/\/km42.germanenriquez.es\/wp-content\/uploads\/2024\/05\/DSC6979-1024x724.jpg 1024w, https:\/\/km42.germanenriquez.es\/wp-content\/uploads\/2024\/05\/DSC6979-300x212.jpg 300w, https:\/\/km42.germanenriquez.es\/wp-content\/uploads\/2024\/05\/DSC6979-768x543.jpg 768w, https:\/\/km42.germanenriquez.es\/wp-content\/uploads\/2024\/05\/DSC6979-1536x1086.jpg 1536w, https:\/\/km42.germanenriquez.es\/wp-content\/uploads\/2024\/05\/DSC6979-2048x1448.jpg 2048w\" sizes=\"(max-width: 1024px) 100vw, 1024px\" \/>\t\t\t\t\t\t\t\t\t\t\t\t\t<\/div>\n\t\t\t\t<\/div>\n\t\t\t\t\t<\/div>\n\t\t\t\t<\/div>\n\t\t<div class=\"elementor-element elementor-element-ff4ae9d e-flex e-con-boxed e-con e-parent\" data-id=\"ff4ae9d\" data-element_type=\"container\">\n\t\t\t\t\t<div class=\"e-con-inner\">\n\t\t\t\t<div class=\"elementor-element elementor-element-62d21ca elementor-widget elementor-widget-image\" data-id=\"62d21ca\" data-element_type=\"widget\" data-widget_type=\"image.default\">\n\t\t\t\t<div class=\"elementor-widget-container\">\n\t\t\t\t\t\t\t\t\t\t\t\t\t<img loading=\"lazy\" decoding=\"async\" width=\"768\" height=\"1086\" src=\"https:\/\/km42.germanenriquez.es\/wp-content\/uploads\/2024\/05\/PRIMERA-PRUEBA_9-768x1086.jpg\" class=\"attachment-medium_large size-medium_large wp-image-28\" alt=\"\" srcset=\"https:\/\/km42.germanenriquez.es\/wp-content\/uploads\/2024\/05\/PRIMERA-PRUEBA_9-768x1086.jpg 768w, https:\/\/km42.germanenriquez.es\/wp-content\/uploads\/2024\/05\/PRIMERA-PRUEBA_9-212x300.jpg 212w, https:\/\/km42.germanenriquez.es\/wp-content\/uploads\/2024\/05\/PRIMERA-PRUEBA_9-724x1024.jpg 724w, https:\/\/km42.germanenriquez.es\/wp-content\/uploads\/2024\/05\/PRIMERA-PRUEBA_9-1086x1536.jpg 1086w, https:\/\/km42.germanenriquez.es\/wp-content\/uploads\/2024\/05\/PRIMERA-PRUEBA_9-1448x2048.jpg 1448w, https:\/\/km42.germanenriquez.es\/wp-content\/uploads\/2024\/05\/PRIMERA-PRUEBA_9-scaled.jpg 1810w\" sizes=\"(max-width: 768px) 100vw, 768px\" \/>\t\t\t\t\t\t\t\t\t\t\t\t\t<\/div>\n\t\t\t\t<\/div>\n\t\t\t\t\t<\/div>\n\t\t\t\t<\/div>\n\t\t<div class=\"elementor-element elementor-element-0d463e1 e-flex e-con-boxed e-con e-parent\" data-id=\"0d463e1\" data-element_type=\"container\">\n\t\t\t\t\t<div class=\"e-con-inner\">\n\t\t<div class=\"elementor-element elementor-element-b2d9e53 e-con-full e-flex e-con e-child\" data-id=\"b2d9e53\" data-element_type=\"container\">\n\t\t\t\t<div class=\"elementor-element elementor-element-0147cf9 elementor-widget elementor-widget-video\" data-id=\"0147cf9\" data-element_type=\"widget\" data-settings=\"{&quot;youtube_url&quot;:&quot;https:\\\/\\\/www.youtube.com\\\/watch?v=S03soPAbMWE&quot;,&quot;video_type&quot;:&quot;youtube&quot;,&quot;controls&quot;:&quot;yes&quot;}\" data-widget_type=\"video.default\">\n\t\t\t\t<div class=\"elementor-widget-container\">\n\t\t\t<style>\/*! elementor - v3.21.0 - 26-05-2024 *\/\n.elementor-widget-video .elementor-widget-container{overflow:hidden;transform:translateZ(0)}.elementor-widget-video .elementor-wrapper{aspect-ratio:var(--video-aspect-ratio)}.elementor-widget-video .elementor-wrapper iframe,.elementor-widget-video .elementor-wrapper video{height:100%;width:100%;display:flex;border:none;background-color:#000}@supports not (aspect-ratio:1\/1){.elementor-widget-video .elementor-wrapper{position:relative;overflow:hidden;height:0;padding-bottom:calc(100% \/ var(--video-aspect-ratio))}.elementor-widget-video .elementor-wrapper iframe,.elementor-widget-video .elementor-wrapper video{position:absolute;top:0;right:0;bottom:0;left:0}}.elementor-widget-video .elementor-open-inline .elementor-custom-embed-image-overlay{position:absolute;top:0;right:0;bottom:0;left:0;background-size:cover;background-position:50%}.elementor-widget-video .elementor-custom-embed-image-overlay{cursor:pointer;text-align:center}.elementor-widget-video .elementor-custom-embed-image-overlay:hover .elementor-custom-embed-play i{opacity:1}.elementor-widget-video .elementor-custom-embed-image-overlay img{display:block;width:100%;aspect-ratio:var(--video-aspect-ratio);-o-object-fit:cover;object-fit:cover;-o-object-position:center center;object-position:center center}@supports not (aspect-ratio:1\/1){.elementor-widget-video .elementor-custom-embed-image-overlay{position:relative;overflow:hidden;height:0;padding-bottom:calc(100% \/ var(--video-aspect-ratio))}.elementor-widget-video .elementor-custom-embed-image-overlay img{position:absolute;top:0;right:0;bottom:0;left:0}}.elementor-widget-video .e-hosted-video .elementor-video{-o-object-fit:cover;object-fit:cover}.e-con-inner>.elementor-widget-video,.e-con>.elementor-widget-video{width:var(--container-widget-width);--flex-grow:var(--container-widget-flex-grow)}<\/style>\t\t<div class=\"elementor-wrapper elementor-open-inline\">\n\t\t\t<div class=\"elementor-video\"><\/div>\t\t<\/div>\n\t\t\t\t<\/div>\n\t\t\t\t<\/div>\n\t\t\t\t<\/div>\n\t\t<div class=\"elementor-element elementor-element-1da3e34 e-con-full e-flex e-con e-child\" data-id=\"1da3e34\" data-element_type=\"container\">\n\t\t\t\t<div class=\"elementor-element elementor-element-0e7d02c elementor-widget elementor-widget-video\" data-id=\"0e7d02c\" data-element_type=\"widget\" data-settings=\"{&quot;youtube_url&quot;:&quot;https:\\\/\\\/www.youtube.com\\\/watch?v=NoxMVpfqJUM&quot;,&quot;video_type&quot;:&quot;youtube&quot;,&quot;controls&quot;:&quot;yes&quot;}\" data-widget_type=\"video.default\">\n\t\t\t\t<div class=\"elementor-widget-container\">\n\t\t\t\t\t<div class=\"elementor-wrapper elementor-open-inline\">\n\t\t\t<div class=\"elementor-video\"><\/div>\t\t<\/div>\n\t\t\t\t<\/div>\n\t\t\t\t<\/div>\n\t\t\t\t<\/div>\n\t\t\t\t\t<\/div>\n\t\t\t\t<\/div>\n\t\t<div class=\"elementor-element elementor-element-d584c80 e-flex e-con-boxed e-con e-parent\" data-id=\"d584c80\" data-element_type=\"container\">\n\t\t\t\t\t<div class=\"e-con-inner\">\n\t\t\t\t<div class=\"elementor-element elementor-element-3727a52 elementor-align-center elementor-widget elementor-widget-button\" data-id=\"3727a52\" data-element_type=\"widget\" data-widget_type=\"button.default\">\n\t\t\t\t<div class=\"elementor-widget-container\">\n\t\t\t\t\t<div class=\"elementor-button-wrapper\">\n\t\t\t<a class=\"elementor-button elementor-button-link elementor-size-sm\" href=\"https:\/\/germanenriquez.es\/\">\n\t\t\t\t\t\t<span class=\"elementor-button-content-wrapper\">\n\t\t\t\t\t\t\t\t\t<span class=\"elementor-button-text\">volver<\/span>\n\t\t\t\t\t<\/span>\n\t\t\t\t\t<\/a>\n\t\t<\/div>\n\t\t\t\t<\/div>\n\t\t\t\t<\/div>\n\t\t\t\t\t<\/div>\n\t\t\t\t<\/div>\n\t\t\t\t<\/div>\n\t\t","protected":false},"excerpt":{"rendered":"<p>\u00a0 \u00a0 Debido a la nostalgia por la falta de mi padre, cuando yo ten\u00eda 14 a\u00f1os,\u00a0 en un accidente de tr\u00e1fico, me interesa investigar qui\u00e9n fu\u00e9. En la l\u00ednea de Barthes en La c\u00e1mara l\u00facida, (p.103\/104) hay fotos que me separan por la Historia, pero me atraen por ese nosequ\u00e9, el punctum, otras me&#8230;<\/p>\n","protected":false},"author":1,"featured_media":0,"parent":0,"menu_order":0,"comment_status":"closed","ping_status":"closed","template":"","meta":{"_uag_custom_page_level_css":"","_kad_post_transparent":"","_kad_post_title":"hide","_kad_post_layout":"fullwidth","_kad_post_sidebar_id":"","_kad_post_content_style":"unboxed","_kad_post_vertical_padding":"hide","_kad_post_feature":"hide","_kad_post_feature_position":"","_kad_post_header":false,"_kad_post_footer":false,"footnotes":""},"class_list":["post-39","page","type-page","status-publish","hentry"],"uagb_featured_image_src":{"full":false,"thumbnail":false,"medium":false,"medium_large":false,"large":false,"1536x1536":false,"2048x2048":false},"uagb_author_info":{"display_name":"admin","author_link":"https:\/\/km42.germanenriquez.es\/?author=1"},"uagb_comment_info":0,"uagb_excerpt":"\u00a0 \u00a0 Debido a la nostalgia por la falta de mi padre, cuando yo ten\u00eda 14 a\u00f1os,\u00a0 en un accidente de tr\u00e1fico, me interesa investigar qui\u00e9n fu\u00e9. En la l\u00ednea de Barthes en La c\u00e1mara l\u00facida, (p.103\/104) hay fotos que me separan por la Historia, pero me atraen por ese nosequ\u00e9, el punctum, otras me...","_links":{"self":[{"href":"https:\/\/km42.germanenriquez.es\/index.php?rest_route=\/wp\/v2\/pages\/39","targetHints":{"allow":["GET"]}}],"collection":[{"href":"https:\/\/km42.germanenriquez.es\/index.php?rest_route=\/wp\/v2\/pages"}],"about":[{"href":"https:\/\/km42.germanenriquez.es\/index.php?rest_route=\/wp\/v2\/types\/page"}],"author":[{"embeddable":true,"href":"https:\/\/km42.germanenriquez.es\/index.php?rest_route=\/wp\/v2\/users\/1"}],"replies":[{"embeddable":true,"href":"https:\/\/km42.germanenriquez.es\/index.php?rest_route=%2Fwp%2Fv2%2Fcomments&post=39"}],"version-history":[{"count":41,"href":"https:\/\/km42.germanenriquez.es\/index.php?rest_route=\/wp\/v2\/pages\/39\/revisions"}],"predecessor-version":[{"id":178,"href":"https:\/\/km42.germanenriquez.es\/index.php?rest_route=\/wp\/v2\/pages\/39\/revisions\/178"}],"wp:attachment":[{"href":"https:\/\/km42.germanenriquez.es\/index.php?rest_route=%2Fwp%2Fv2%2Fmedia&parent=39"}],"curies":[{"name":"wp","href":"https:\/\/api.w.org\/{rel}","templated":true}]}}